-30 + s. What are the prime factors of k?
2, 19
Suppose -7*x + 2288 = -5818. List the prime factors of x.
2, 3, 193
Suppose 6 = 6*s - 4*s. Let h = s + 17. What are the prime factors of (-2 + (-204)/h)*-5?
61
Let h(i) = -38*i - 284. What are the prime factors of h(-11)?
2, 67
Suppose -5*b + 7 - 22 = 0. Let u(w) = -w**2 - 9*w - 2. Let l be u(-5). List the prime factors of (-1 - (b - 0))*l.
2, 3
Suppose i + 2*u - 354 = -21, -5*i - 3*u + 1700 = 0. What are the prime factors of i?
7
Let j(g) = -g**3 - g**2 + g + 16. Suppose s - 4*w + 2 = 15, 4*w = 3*s - 31. Suppose -6*r + r = -2*x - 15, -5*x - 3*r = -s. What are the prime factors of j(x)?
2
Let l = -4 - -10. Suppose 0*d + 2*d = -5*n + 18, -l = -2*d + n. What are the prime factors of ((-8)/(-10))/(d/70)?
2, 7
Suppose 3*p + 69 = 3*i, 93 = -2*i + 6*i - 5*p. Let c be (7 + -2)*i/2. Suppose 0 = 3*n - c - 11. What are the prime factors of n?
2, 11
List the prime factors of (-23)/(-1)*(152 + (-162)/9).
2, 23, 67
Suppose 0 = 2*n + 2*q - 5424, -5*n + 3*q - 6*q = -13554. What are the prime factors of n?
3, 7, 43
Suppose -3*u + 2*u = -15. Suppose 5*q - 55 = -5*i, 5*q = -i + 6*i + 35. Suppose 0 = 3*j + q, 5*g = -j - u + 67. List the prime factors of g.
11
Let g be (-5)/1*(-8 + 7). Let z(q) = q**2 - 3*q + 4. Let p be z(g). Suppose 0 = -3*b + 119 - p. List the prime factors of b.
5, 7
Let i be 528 - (4 + 3/(-3)). Suppose -5*y + i = -r + 2*r, 5*y - 5*r = 495. What are the prime factors of y?
2, 13
Suppose -5106 = -9*s + 15711. List the prime factors of s.
3, 257
Let w(m) be the third derivative of -m**6/120 - m**5/12 - m**4/12 + 7*m**3/3 + 10*m**2. List the prime factors of w(-6).
2, 31
Suppose 0 = 11*x - 20666 - 652. What are the prime factors of x?
2, 3, 17, 19
What are the prime factors of 660*(72/10 - 6)?
2, 3, 11
Let m = -22 - 2. Let f be 136/m + 4/6. List the prime factors of (-2 - f)/((-30)/(-280)).
2, 7
Suppose 58*a - 546 = 55*a. What are the prime factors of a?
2, 7, 13
List the prime factors of ((-792)/40)/((-5)/(6 + 369)).
3, 5, 11
Suppose -2*y + 5*q = -0*y - 13, -5*y = -2*q - 22. Suppose -5*v + 315 = -3*j, -y*j - 56 = -v - 10. List the prime factors of v.
2, 3, 11
What are the prime factors of 341/2 + (-145)/(-58)?
173
What are the prime factors of 1574 + 0 + -6 + -1?
1567
Suppose 0 = -4*a - 3 + 63. Let s be (5/a)/(3/27). Suppose 3*v + 30 = t, -s*t - v - 35 = -5*t. What are the prime factors of t?
3, 5
Let w(x) = -34*x**3 - 4*x**2 - 3*x - 1. Let g be w(-2). Suppose -3*a + 87 + 111 = 3*m, g = 4*m + 5*a. What are the prime factors of m?
3, 23
Let m be (-1)/(-4) + 104/(-32). Let r be 4/(-10)*(m + -2). Suppose 0*w + 14 = 4*c + r*w, -2*w - 10 = 0. What are the prime factors of c?
2, 3
Let z(f) be the second derivative of -f**5/20 + 3*f**4/4 - 3*f**3/2 + 2*f**2 - f. Suppose 27*t - 16*t = 66. List the prime factors of z(t).
2, 29
Suppose -11*b + 21097 + 3950 = 0. List the prime factors of b.
3, 11, 23
Suppose -5*o + 5*t + 120 = 0, 0*o - 3*t + 103 = 4*o. Suppose -5*x + 30 = -4*d, -3*d + 10 = o. What are the prime factors of (4 - 8 - -8)/x?
2
Let w(b) = -2*b + 123. What are the prime factors of w(12)?
3, 11
Let a = 9852 + -5422. What are the prime factors of a?
2, 5, 443
Suppose 0 = 11*h - 7*h - 392. What are the prime factors of h?
2, 7
Suppose -3*z = 26*w - 24*w - 917, 1819 = 4*w + 3*z. What are the prime factors of w?
11, 41
Suppose -3*v + 7 = 2*j, -j - 4*v = -0 - 1. Suppose j*d = 3*b + 415, -4*b + 2*b - 170 = -2*d. Let t = d + -52. What are the prime factors of t?
2, 7
Let q = 3 + 1. Suppose 3*l + k - 54 = -2*k, q*k - 58 = -3*l. List the prime factors of l.
2, 7
Let h(t) = -104*t. Let b be h(-3). Suppose -5*g - 4*s = -190, b = 5*g + s + 107. What are the prime factors of g?
2, 3, 7
Suppose p - 5*c - 219 + 37 = 0, 5*c + 758 = 4*p. Suppose 178*w = 177*w - 4. List the prime factors of p/9*3 + w.
2, 3, 5
List the prime factors of 174 - 43 - (1 - 0 - 5).
3, 5
Let r = 1212 - 74. List the prime factors of r.
2, 569
Let a(n) be the second derivative of 1/20*n**5 + 5/12*n**4 - 1/2*n**3 + 0 + n - 7/2*n**2. What are the prime factors of a(-5)?
2
Let p be (-1)/((-1)/4) + 3. Let t be (-2)/p - 30/(-7). Suppose -t*r - 5*w + 70 = r, 3*r - 42 = 2*w. List the prime factors of r.
2, 7
Suppose -9420 = 4*n - 34*n. List the prime factors of n.
2, 157
Let r(n) = n**2 - n + 176. Let s be r(0). Suppose 5*m - 621 = -s. List the prime factors of m.
89
Suppose 19*n = -2*n + 35301. List the prime factors of n.
41
Let a = -75 + 78. Suppose 4*v = -3*m + 906, -a*v - m = -5*v + 458. List the prime factors of v.
2, 3, 19
Suppose 0*x + 4*x + 5*a = 19, 23 = 4*x + a. Suppose -3*h - 4*p = -x*h + 55, -2*p = 4*h - 110. List the prime factors of h.
5
Let a = 51 + -49. Let l(y) = 6*y**2 - 2*y - 3*y**2 + 0*y**2 + 3. What are the prime factors of l(a)?
11
Let g(c) = 3*c - 4 - 4*c - 5. Let d be g(-9). Suppose k - 49 = -d*k. List the prime factors of k.
7
Suppose 3*x - 2 = 10. Suppose 553 = 5*q + 5*z - 2*z, x*q + 5*z - 432 = 0. What are the prime factors of q?
113
Suppose g = 5*s - 9, 0 = 5*g - s + 65 + 4. Let a = g + 14. Suppose 5*q + c = 45, c - 25 = -3*q - a*c. List the prime factors of q.
2, 5
Let h be (-2)/((1/8)/(21/(-6))). Suppose h + 124 = 4*y. What are the prime factors of y?
3, 5
List the prime factors of (-2092)/(-6) + -1 - 3/(-9).
2, 3, 29
Let x be 12/14*(-16 + 44). Let u(f) = -x*f + 7 - 1 - 3 - 2. What are the prime factors of u(-1)?
5
Let s(a) be the first derivative of 6*a**3 - 3*a**2/2 - 7*a + 35. List the prime factors of s(-3).
2, 41
Let p = -1964 + 2868. What are the prime factors of p?
2, 113
Let s be 193 - (4/(-8))/(3/6). Suppose 0 = r + 29 - s. What are the prime factors of r?
3, 5, 11
Suppose -59*a = -66*a + 27657. What are the prime factors of a?
3, 439
Suppose -5190 = -11*p + p. List the prime factors of p.
3, 173
Let b(c) = 29*c**2 + 4*c - 7. List the prime factors of b(5).
2, 3, 41
Suppose 4*o + 0*d - 96 = d, d = -3*o + 72. Suppose o*b - 26*b = -64. List the prime factors of b.
2
List the prime factors of (1110/(-3) - 0)/(8/(-8)).
2, 5, 37
List the prime factors of ((-543)/(-4))/(-3 - (-162)/48).
2, 181
Suppose -2*t + 8 = -2*j - 0*t, -3*t = -j - 10. List the prime factors of (-212)/12*(j - 2).
53
Suppose 15 = p - 4*p + 3*j, -4*p + 5*j - 20 = 0. What are the prime factors of (-94)/p*15/6?
47
Let r(o) = 2*o**3 + 61*o**2 - 12*o - 6. What are the prime factors of r(-29)?
3, 5, 191
Suppose 8*c = 11*c - 12. List the prime factors of (c + (-4 - 4))*-1 + 139.
11, 13
Let q be (-108)/(-18)*(-2)/(-6). Suppose -q*l + 71 + 41 = -2*w, l = -3*w + 56. List the prime factors of l.
2, 7
Suppose -14 = -h + 5*n - 2*n, -49 = -2*h - n. Let m be h*2*(-2)/4. Let z = m - -33. List the prime factors of z.
2, 5
Let y = 8 - 3. Suppose -8 = 4*c, y*c + 11 = 3*g - 44. Suppose i - 4*v = -19 + 6, -g = -5*i + 4*v. What are the prime factors of i?
7
Let o(h) = h**2 - 11*h - 2. Let y(f) = 3*f**2 - 23*f - 3. Let z(x) = -5*o(x) + 2*y(x). Let w be z(-8). What are the prime factors of 53 - (4 + w + 3)?
2, 5
Suppose r = 8*r + 686. List the prime factors of (-14546)/r + 1*(-8)/(-14).
149
Let z be 25/(-5) + (3 - 1). List the prime factors of 1659/14*(-2)/z.
79
Let h(a) = -a**2 - 9*a - 3. Let o be h(-7). Let k = 11 - o. Suppose -3*j = 4*g - k*g - 57, 21 = 3*g - 5*j. What are the prime factors of g?
2, 3
Let u(x) = -x + 22. Let t be u(-15). Suppose -6*v + 173 = -t. List the prime factors of v.
5, 7
Suppose 2355 = 32*a + 307. Suppose -5*i - 2*c = 8, 0 = -2*i - 3*c + c - 8. Suppose i = -0*f - 2*f + a. What are the prime factors of f?
2
Let c = 435 - 224. Let x = c + -83. List the prime factors of x.
2
Suppose -4*r = 3*a - 1926, -3393 = -4*a - 2*r - 815. List the prime factors of a.
2, 17, 19
Suppose 5 = -5*c - 0. Let y(j) = -6*j. Let w be y(c). Let d = 11 + w. What are the prime factors of d?
17
Let j(s) = -43*s - 16. Suppose 20 = -10*w + 5*w. List the prime factors of j(w).
2, 3, 13
Let t(v) = 12*v + 42. List the prime factors of t(15).
2, 3, 37
List the prime factors of 16/4 + (1427 - 9).
2, 3, 79
Suppose 0 = -129*d + 134*d - 2945. What are the prime factors of d?
19, 31
Let t = 83 + -66. Let n(q) = 4*q - 24. What are the prime factors of n(t)?
2, 11
Suppose -2*j = 2*r - 156, j - 172 - 149 = -4*r. Let v = r - 62. What are the prime factors of v?
19
Let o be (190/(-